{"id":76,"date":"2022-02-19T21:48:40","date_gmt":"2022-02-19T20:48:40","guid":{"rendered":"https:\/\/cooperer.coop\/?page_id=76"},"modified":"2022-09-19T17:07:48","modified_gmt":"2022-09-19T15:07:48","slug":"seminaire-profession-accompagnement","status":"publish","type":"page","link":"https:\/\/cooperer.coop\/?page_id=76","title":{"rendered":"S\u00e9minaire Profession accompagnement"},"content":{"rendered":"<style>#kt-layout-id_52e958-b2 > .kt-row-column-wrap{align-content:start;}:where(#kt-layout-id_52e958-b2 > .kt-row-column-wrap) > .wp-block-kadence-column{justify-content:start;}#kt-layout-id_52e958-b2 > .kt-row-column-wrap{column-gap:var(--global-kb-gap-md, 2rem);row-gap:var(--global-kb-gap-md, 2rem);max-width:1160px;margin-left:auto;margin-right:auto;padding-top:var( --global-kb-row-default-top, 25px );padding-bottom:var( --global-kb-row-default-bottom, 25px );padding-top:var(--global-kb-spacing-sm, 1.5rem);padding-bottom:var(--global-kb-spacing-sm, 1.5rem);grid-template-columns:minmax(0, calc(65% - ((var(--global-kb-gap-md, 2rem) * 1 )\/2)))minmax(0, calc(35% - ((var(--global-kb-gap-md, 2rem) * 1 )\/2)));}#kt-layout-id_52e958-b2 > .kt-row-layout-overlay{opacity:0.30;}@media all and (max-width: 1024px){#kt-layout-id_52e958-b2 > .kt-row-column-wrap{grid-template-columns:minmax(0, 2fr) minmax(0, 1fr);}}@media all and (max-width: 767px){#kt-layout-id_52e958-b2 > .kt-row-column-wrap{grid-template-columns:minmax(0, 1fr);}}<\/style>\n<div class=\"wp-block-kadence-rowlayout alignfull\"><div id=\"kt-layout-id_52e958-b2\" class=\"kt-row-layout-inner kt-layout-id_52e958-b2\"><div class=\"kt-row-column-wrap kt-has-2-columns kt-gutter-default kt-v-gutter-default kt-row-valign-top kt-row-layout-left-golden kt-tab-layout-inherit kt-m-colapse-left-to-right kt-mobile-layout-row  kt-custom-first-width-65  kt-custom-second-width-35\"><style>.kadence-column_620bbf-7c > .kt-inside-inner-col{border-top-width:0px;border-right-width:0px;border-bottom-width:0px;border-left-width:0px;}.kadence-column_620bbf-7c > .kt-inside-inner-col,.kadence-column_620bbf-7c > .kt-inside-inner-col:before{border-top-left-radius:0px;border-top-right-radius:0px;border-bottom-right-radius:0px;border-bottom-left-radius:0px;}.kadence-column_620bbf-7c > .kt-inside-inner-col{column-gap:var(--global-kb-gap-sm, 1rem);}.kadence-column_620bbf-7c > .kt-inside-inner-col{flex-direction:column;}.kadence-column_620bbf-7c > .kt-inside-inner-col > .aligncenter{width:100%;}.kadence-column_620bbf-7c > .kt-inside-inner-col:before{opacity:0.3;}.kadence-column_620bbf-7c{position:relative;}@media all and (max-width: 1024px){.kadence-column_620bbf-7c > .kt-inside-inner-col{flex-direction:column;}}@media all and (max-width: 767px){.kadence-column_620bbf-7c > .kt-inside-inner-col{flex-direction:column;}}<\/style>\n<div class=\"wp-block-kadence-column inner-column-1 kadence-column_620bbf-7c\"><div class=\"kt-inside-inner-col\"><style>.wp-block-kadence-advancedheading.kt-adv-heading_67c31b-e6, .wp-block-kadence-advancedheading.kt-adv-heading_67c31b-e6[data-kb-block=\"kb-adv-heading_67c31b-e6\"]{font-size:25px;font-style:normal;}.wp-block-kadence-advancedheading.kt-adv-heading_67c31b-e6 mark.kt-highlight, .wp-block-kadence-advancedheading.kt-adv-heading_67c31b-e6[data-kb-block=\"kb-adv-heading_67c31b-e6\"] mark.kt-highlight{font-style:normal;color:#f76a0c;padding-top:0px;padding-right:0px;padding-bottom:0px;padding-left:0px;}<\/style>\n<h2 class=\"kt-adv-heading_67c31b-e6 wp-block-kadence-advancedheading\" data-kb-block=\"kb-adv-heading_67c31b-e6\"><strong>Le m\u00e9tier de charg\u00e9 d\u2019accompagnement en CAE<\/strong><\/h2>\n\n\n<style>.wp-block-kadence-advancedheading.kt-adv-heading_a341da-9b, .wp-block-kadence-advancedheading.kt-adv-heading_a341da-9b[data-kb-block=\"kb-adv-heading_a341da-9b\"]{font-style:normal;}.wp-block-kadence-advancedheading.kt-adv-heading_a341da-9b mark.kt-highlight, .wp-block-kadence-advancedheading.kt-adv-heading_a341da-9b[data-kb-block=\"kb-adv-heading_a341da-9b\"] mark.kt-highlight{font-style:normal;color:#f76a0c;padding-top:0px;padding-right:0px;padding-bottom:0px;padding-left:0px;}<\/style>\n<p class=\"kt-adv-heading_a341da-9b wp-block-kadence-advancedheading\" data-kb-block=\"kb-adv-heading_a341da-9b\">Malgr\u00e9 de grands communs qui structurent le parcours des entrepreneurs en coop\u00e9rative d\u2019activit\u00e9 et d\u2019emploi (r\u00e9union d\u2019information collective, rendez-vous individuel, signature du CAPE, signature du CESA, candidature au soci\u00e9tariat), une grande diversit\u00e9 de parcours existe au sein des CAE.<\/p>\n\n\n\n<p>Le m\u00e9tier de charg\u00e9 d\u2018accompagnement en CAE se caract\u00e9rise par&nbsp;:<\/p>\n\n\n\n<ul class=\"wp-block-list\"><li>Une mont\u00e9e en comp\u00e9tence par l\u2019exp\u00e9rience (notamment pr\u00e9c\u00e9dente) et les r\u00e9seaux d\u2019entraide&nbsp;;<\/li><li>Une absence de parcours de formation certifi\u00e9&nbsp;;<\/li><li>Une baisse des moyens allou\u00e9s \u00e0 la formation&nbsp;;<\/li><li>De nombreux mouvements de personnel&nbsp;: en 2019-2020 le poste de charg\u00e9&nbsp;d\u2019accompagnement \u00e9tait celui pour lequel le plus de recrutement a \u00e9t\u00e9 lanc\u00e9 par les CAE soci\u00e9taires de Coop\u00e9rer pour Entreprendre&nbsp;;<\/li><li>Des besoins d\u2019\u00e9changes et de mont\u00e9e en comp\u00e9tence particuli\u00e8rement forts.<\/li><\/ul>\n\n\n\n<p>Dans le but de professionnaliser le m\u00e9tier de charg\u00e9 d\u2019accompagnement, Coop\u00e9rer Pour Entreprendre r\u00e9fl\u00e9chit depuis plusieurs ann\u00e9es \u00e0 la mise en place de temps d\u2019\u00e9change de pratique et de solution de mutualisation \u00e0 l\u2019intention des charg\u00e9s d\u2019accompagnements des CAE soci\u00e9taires.<\/p>\n<\/div><\/div>\n\n\n<style>.kadence-column_27b8b4-a5 > .kt-inside-inner-col{padding-top:20px;}.kadence-column_27b8b4-a5 > .kt-inside-inner-col{border-top-width:0px;border-right-width:0px;border-bottom-width:0px;border-left-width:0px;}.kadence-column_27b8b4-a5 > .kt-inside-inner-col,.kadence-column_27b8b4-a5 > .kt-inside-inner-col:before{border-top-left-radius:0px;border-top-right-radius:0px;border-bottom-right-radius:0px;border-bottom-left-radius:0px;}.kadence-column_27b8b4-a5 > .kt-inside-inner-col{column-gap:var(--global-kb-gap-sm, 1rem);}.kadence-column_27b8b4-a5 > .kt-inside-inner-col{flex-direction:column;}.kadence-column_27b8b4-a5 > .kt-inside-inner-col > .aligncenter{width:100%;}.kadence-column_27b8b4-a5 > .kt-inside-inner-col:before{opacity:0.3;}.kadence-column_27b8b4-a5{position:relative;}@media all and (max-width: 1024px){.kadence-column_27b8b4-a5 > .kt-inside-inner-col{flex-direction:column;}}@media all and (max-width: 767px){.kadence-column_27b8b4-a5 > .kt-inside-inner-col{flex-direction:column;}}<\/style>\n<div class=\"wp-block-kadence-column inner-column-2 kadence-column_27b8b4-a5\"><div class=\"kt-inside-inner-col\"><style>.kb-image_833160-1a.kb-image-is-ratio-size, .kb-image_833160-1a .kb-image-is-ratio-size{max-width:400px;width:100%;}.wp-block-kadence-column > .kt-inside-inner-col > .kb-image_833160-1a.kb-image-is-ratio-size, .wp-block-kadence-column > .kt-inside-inner-col > .kb-image_833160-1a .kb-image-is-ratio-size{align-self:unset;}.kb-image_833160-1a{max-width:400px;}.image-is-svg.kb-image_833160-1a{-webkit-flex:0 1 100%;flex:0 1 100%;}.image-is-svg.kb-image_833160-1a img{width:100%;}.kb-image_833160-1a .kb-image-has-overlay:after{opacity:0.3;}<\/style>\n<figure class=\"wp-block-kadence-image kb-image_833160-1a size-full\"><a href=\"https:\/\/cooperer.coop\/wp-content\/uploads\/2022\/09\/Parcours-accompagnement.jpg\" class=\"kb-advanced-image-link\"><img loading=\"lazy\" decoding=\"async\" width=\"522\" height=\"628\" src=\"https:\/\/cooperer.coop\/wp-content\/uploads\/2022\/09\/Parcours-accompagnement.jpg\" alt=\"\" class=\"kb-img wp-image-2303\" srcset=\"https:\/\/cooperer.coop\/wp-content\/uploads\/2022\/09\/Parcours-accompagnement.jpg 522w, https:\/\/cooperer.coop\/wp-content\/uploads\/2022\/09\/Parcours-accompagnement-249x300.jpg 249w\" sizes=\"auto, (max-width: 522px) 100vw, 522px\" \/><\/a><\/figure>\n<\/div><\/div>\n<\/div><\/div><\/div>\n\n\n<style>#kt-layout-id_58c62e-06 > .kt-row-column-wrap{align-content:start;}:where(#kt-layout-id_58c62e-06 > .kt-row-column-wrap) > .wp-block-kadence-column{justify-content:start;}#kt-layout-id_58c62e-06 > .kt-row-column-wrap{column-gap:var(--global-kb-gap-md, 2rem);row-gap:var(--global-kb-gap-md, 2rem);max-width:1160px;margin-left:auto;margin-right:auto;padding-top:var( --global-kb-row-default-top, 25px );padding-bottom:var( --global-kb-row-default-bottom, 25px );padding-top:var(--global-kb-spacing-sm, 1.5rem);padding-bottom:var(--global-kb-spacing-sm, 1.5rem);grid-template-columns:minmax(0, 1fr);}#kt-layout-id_58c62e-06 > .kt-row-layout-overlay{opacity:0.30;}@media all and (max-width: 1024px){#kt-layout-id_58c62e-06 > .kt-row-column-wrap{grid-template-columns:minmax(0, 1fr);}}@media all and (max-width: 767px){#kt-layout-id_58c62e-06 > .kt-row-column-wrap{grid-template-columns:minmax(0, 1fr);}}<\/style>\n<div class=\"wp-block-kadence-rowlayout alignfull\"><div id=\"kt-layout-id_58c62e-06\" class=\"kt-row-layout-inner kt-row-has-bg kt-layout-id_58c62e-06 has-kb-palette-2-background-color\"><div class=\"kt-row-column-wrap kt-has-1-columns kt-gutter-default kt-v-gutter-default kt-row-valign-top kt-row-layout-equal kt-tab-layout-inherit kt-m-colapse-left-to-right kt-mobile-layout-row\"><style>.kadence-column_40d639-f9 > .kt-inside-inner-col{border-top-width:0px;border-right-width:0px;border-bottom-width:0px;border-left-width:0px;}.kadence-column_40d639-f9 > .kt-inside-inner-col,.kadence-column_40d639-f9 > .kt-inside-inner-col:before{border-top-left-radius:0px;border-top-right-radius:0px;border-bottom-right-radius:0px;border-bottom-left-radius:0px;}.kadence-column_40d639-f9 > .kt-inside-inner-col{column-gap:var(--global-kb-gap-sm, 1rem);}.kadence-column_40d639-f9 > .kt-inside-inner-col{flex-direction:column;}.kadence-column_40d639-f9 > .kt-inside-inner-col > .aligncenter{width:100%;}.kadence-column_40d639-f9 > .kt-inside-inner-col:before{opacity:0.3;}.kadence-column_40d639-f9{position:relative;}@media all and (max-width: 1024px){.kadence-column_40d639-f9 > .kt-inside-inner-col{flex-direction:column;}}@media all and (max-width: 767px){.kadence-column_40d639-f9 > .kt-inside-inner-col{flex-direction:column;}}<\/style>\n<div class=\"wp-block-kadence-column inner-column-1 kadence-column_40d639-f9\"><div class=\"kt-inside-inner-col\"><style>.wp-block-kadence-advancedheading.kt-adv-heading_60d7cd-8e, .wp-block-kadence-advancedheading.kt-adv-heading_60d7cd-8e[data-kb-block=\"kb-adv-heading_60d7cd-8e\"]{font-size:25px;font-style:normal;}.wp-block-kadence-advancedheading.kt-adv-heading_60d7cd-8e mark.kt-highlight, .wp-block-kadence-advancedheading.kt-adv-heading_60d7cd-8e[data-kb-block=\"kb-adv-heading_60d7cd-8e\"] mark.kt-highlight{font-style:normal;color:#f76a0c;padding-top:0px;padding-right:0px;padding-bottom:0px;padding-left:0px;}<\/style>\n<h2 class=\"kt-adv-heading_60d7cd-8e wp-block-kadence-advancedheading\" data-kb-block=\"kb-adv-heading_60d7cd-8e\"><strong>S\u00e9minaire Charg\u00e9.es d&#8217;accompagnement &#8211; Juin 2021<\/strong><\/h2>\n\n\n\n<p>En juin 2021 le s\u00e9minaire organis\u00e9 \u00e0 Cadouin a rassembl\u00e9 50 charg\u00e9s d\u2019accompagnement sur deux jours, co-anim\u00e9 par Charlotte Dudignac et Nadine Jouanen, sp\u00e9cialiste en intelligence collective et entrepreneure de la Maison de l\u2019initiative.<\/p>\n\n\n\n<div class=\"wp-block-columns is-layout-flex wp-container-core-columns-is-layout-9d6595d7 wp-block-columns-is-layout-flex\">\n<div class=\"wp-block-column is-layout-flow wp-block-column-is-layout-flow\"><style>.wp-block-kadence-advancedheading.kt-adv-heading_98d30c-72, .wp-block-kadence-advancedheading.kt-adv-heading_98d30c-72[data-kb-block=\"kb-adv-heading_98d30c-72\"]{font-style:normal;}.wp-block-kadence-advancedheading.kt-adv-heading_98d30c-72 mark.kt-highlight, .wp-block-kadence-advancedheading.kt-adv-heading_98d30c-72[data-kb-block=\"kb-adv-heading_98d30c-72\"] mark.kt-highlight{font-style:normal;color:#f76a0c;padding-top:0px;padding-right:0px;padding-bottom:0px;padding-left:0px;}<\/style>\n<p class=\"kt-adv-heading_98d30c-72 wp-block-kadence-advancedheading\" data-kb-block=\"kb-adv-heading_98d30c-72\">Au programme :<\/p>\n\n\n\n<ul class=\"wp-block-list\"><li>Co-d\u00e9veloppement<\/li><li>Partage d\u2019histoire autour du m\u00e9tier de charg\u00e9 d\u2019accompagnement<\/li><li>Echanges sur les outils et parcours d\u2019accompagnement<\/li><li>Travail sur les jalons de l\u2019accompagnement<\/li><li>Identification des besoins en vue d\u2019organiser un plan d&#8217;action pour qu&#8217;ils puissent \u00eatre satisfaits via des r\u00e9ponses vari\u00e9es, structur\u00e9es&#8230; (formation, outillage)<\/li><\/ul>\n\n\n<style>.wp-block-kadence-advancedheading.kt-adv-heading_4f9805-11, .wp-block-kadence-advancedheading.kt-adv-heading_4f9805-11[data-kb-block=\"kb-adv-heading_4f9805-11\"]{font-style:normal;}.wp-block-kadence-advancedheading.kt-adv-heading_4f9805-11 mark.kt-highlight, .wp-block-kadence-advancedheading.kt-adv-heading_4f9805-11[data-kb-block=\"kb-adv-heading_4f9805-11\"] mark.kt-highlight{font-style:normal;color:#f76a0c;padding-top:0px;padding-right:0px;padding-bottom:0px;padding-left:0px;}<\/style>\n<p class=\"kt-adv-heading_4f9805-11 wp-block-kadence-advancedheading\" data-kb-block=\"kb-adv-heading_4f9805-11\">Ce s\u00e9minaire a permis aux participants d\u2019analyser leurs pratiques, de les confronter et de s\u2019inspirer de celles des autres. Il a \u00e9galement permis de se rassurer et de se l\u00e9gitimer dans sa posture de charg\u00e9.es d&#8217;accompagnement.<\/p>\n<\/div>\n\n\n\n<div class=\"wp-block-column is-layout-flow wp-block-column-is-layout-flow\"><style>.kb-image_a5e67f-90 .kb-image-has-overlay:after{opacity:0.3;}<\/style>\n<figure class=\"wp-block-kadence-image kb-image_a5e67f-90 size-large\"><img loading=\"lazy\" decoding=\"async\" width=\"1024\" height=\"637\" src=\"https:\/\/cooperer.coop\/wp-content\/uploads\/2022\/09\/banc-de-poisson-1024x637.jpg\" alt=\"\" class=\"kb-img wp-image-2304\" srcset=\"https:\/\/cooperer.coop\/wp-content\/uploads\/2022\/09\/banc-de-poisson-1024x637.jpg 1024w, https:\/\/cooperer.coop\/wp-content\/uploads\/2022\/09\/banc-de-poisson-300x187.jpg 300w, https:\/\/cooperer.coop\/wp-content\/uploads\/2022\/09\/banc-de-poisson-768x478.jpg 768w, https:\/\/cooperer.coop\/wp-content\/uploads\/2022\/09\/banc-de-poisson-1536x955.jpg 1536w, https:\/\/cooperer.coop\/wp-content\/uploads\/2022\/09\/banc-de-poisson-2048x1274.jpg 2048w, https:\/\/cooperer.coop\/wp-content\/uploads\/2022\/09\/banc-de-poisson-1200x746.jpg 1200w, https:\/\/cooperer.coop\/wp-content\/uploads\/2022\/09\/banc-de-poisson-1980x1231.jpg 1980w, https:\/\/cooperer.coop\/wp-content\/uploads\/2022\/09\/banc-de-poisson-600x373.jpg 600w\" sizes=\"auto, (max-width: 1024px) 100vw, 1024px\" \/><\/figure>\n<\/div>\n<\/div>\n<\/div><\/div>\n<\/div><\/div><\/div>\n\n\n<style>.kadence-column_2a4038-fc > .kt-inside-inner-col{border-top-width:0px;border-right-width:0px;border-bottom-width:0px;border-left-width:0px;}.kadence-column_2a4038-fc > .kt-inside-inner-col,.kadence-column_2a4038-fc > .kt-inside-inner-col:before{border-top-left-radius:0px;border-top-right-radius:0px;border-bottom-right-radius:0px;border-bottom-left-radius:0px;}.kadence-column_2a4038-fc > .kt-inside-inner-col{column-gap:var(--global-kb-gap-sm, 1rem);}.kadence-column_2a4038-fc > .kt-inside-inner-col{flex-direction:column;}.kadence-column_2a4038-fc > .kt-inside-inner-col > .aligncenter{width:100%;}.kadence-column_2a4038-fc > .kt-inside-inner-col:before{opacity:0.3;}.kadence-column_2a4038-fc{position:relative;}@media all and (max-width: 1024px){.kadence-column_2a4038-fc > .kt-inside-inner-col{flex-direction:column;}}@media all and (max-width: 767px){.kadence-column_2a4038-fc > .kt-inside-inner-col{flex-direction:column;}}<\/style>\n<div class=\"wp-block-kadence-column inner-column-1 kadence-column_2a4038-fc\"><div class=\"kt-inside-inner-col\">\n<div style=\"height:20px\" aria-hidden=\"true\" class=\"wp-block-spacer\"><\/div>\n<\/div><\/div>\n\n\n\n<p><\/p>\n\n\n\n<p><\/p>\n","protected":false},"excerpt":{"rendered":"<p>Le m\u00e9tier de charg\u00e9 d\u2019accompagnement en CAE Malgr\u00e9 de grands communs qui structurent le parcours des entrepreneurs en coop\u00e9rative d\u2019activit\u00e9 et d\u2019emploi (r\u00e9union d\u2019information collective, rendez-vous individuel, signature du CAPE, signature du CESA, candidature au soci\u00e9tariat), une grande diversit\u00e9 de parcours existe au sein des CAE. Le m\u00e9tier de charg\u00e9 d\u2018accompagnement en CAE se caract\u00e9rise [&hellip;]<\/p>\n","protected":false},"author":1,"featured_media":0,"parent":68,"menu_order":0,"comment_status":"closed","ping_status":"closed","template":"","meta":{"footnotes":""},"class_list":["post-76","page","type-page","status-publish","hentry"],"_links":{"self":[{"href":"https:\/\/cooperer.coop\/index.php?rest_route=\/wp\/v2\/pages\/76","targetHints":{"allow":["GET"]}}],"collection":[{"href":"https:\/\/cooperer.coop\/index.php?rest_route=\/wp\/v2\/pages"}],"about":[{"href":"https:\/\/cooperer.coop\/index.php?rest_route=\/wp\/v2\/types\/page"}],"author":[{"embeddable":true,"href":"https:\/\/cooperer.coop\/index.php?rest_route=\/wp\/v2\/users\/1"}],"replies":[{"embeddable":true,"href":"https:\/\/cooperer.coop\/index.php?rest_route=%2Fwp%2Fv2%2Fcomments&post=76"}],"version-history":[{"count":12,"href":"https:\/\/cooperer.coop\/index.php?rest_route=\/wp\/v2\/pages\/76\/revisions"}],"predecessor-version":[{"id":2632,"href":"https:\/\/cooperer.coop\/index.php?rest_route=\/wp\/v2\/pages\/76\/revisions\/2632"}],"up":[{"embeddable":true,"href":"https:\/\/cooperer.coop\/index.php?rest_route=\/wp\/v2\/pages\/68"}],"wp:attachment":[{"href":"https:\/\/cooperer.coop\/index.php?rest_route=%2Fwp%2Fv2%2Fmedia&parent=76"}],"curies":[{"name":"wp","href":"https:\/\/api.w.org\/{rel}","templated":true}]}}